hen l(11) is divided by s.
33
Suppose 5*n - 10 = 75. Let j be 0/(0 + 1) - -3. Calculate the remainder when (-125)/(-4) - j/(-4) is divided by n.
15
Let i = -95 - -111. Calculate the remainder when 61 is divided by i.
13
Let q(f) = f**3 - 19*f**2 + 34*f + 5. Let b be q(17). What is the remainder when 230 is divided by 1*b/(-5) + 34?
32
Suppose 5*u - 736 = u. Let y be u/(-4)*-1 - 3. Suppose 2*k - v + y = 5*k, -v = 5. Calculate the remainder when 47 is divided by k.
15
Calculate the remainder when 1/(2874/1434 + (-2 - 0)) is divided by 30.
29
Suppose -y - 1855 = -3*z, 40*z + 1863 = 43*z - 3*y. Calculate the remainder when z is divided by 48.
41
Suppose 60 = 18*z - 30. Calculate the remainder when 38 is divided by z.
3
What is the remainder when 76 is divided by ((-24)/10)/((-3)/(135/18))?
4
Suppose 0 = -x - 5*a - 7 + 45, -5*x - 4*a + 106 = 0. Suppose x = -2*t + 204. Calculate the remainder when t is divided by 32.
29
Let j(n) = -2*n + 7. Let i be j(0). Let d = 8 + i. Calculate the remainder when 29 is divided by d.
14
Suppose 12*s - 97 = 155. Suppose 2*y + 5*z = -3*y - 105, 3*y - 3*z + 69 = 0. Let v = y - -33. Calculate the remainder when s is divided by v.
10
Let y = 28 + -17. Suppose -y = -a + 2*n - 2, -n = -4*a + 50. Calculate the remainder when a is divided by 5.
3
Let v be ((-48)/(-30))/(6/75). Let x = v - -3. Suppose 4*o + 4 = 0, -7 = -2*q + 4*o + 9. What is the remainder when x is divided by q?
5
Let i = 64 + -58. Let g(f) = f**2 + 2*f + 5. Calculate the remainder when g(i) is divided by 15.
8
Suppose -t = -5*a + 128, -2*t = 5*a + 3*t - 110. Suppose -d = c - 52, -4*c + 10 = -2*c. What is the remainder when d is divided by a?
22
Let l = 103 - 109. Suppose 2*p - 4*y - 38 = 0, -3*p + 5*y - 7*y = -49. What is the remainder when 50 - (3/l)/(3/(-12)) is divided by p?
14
Suppose 18 = -3*i + 6*i. Let q = -54 + 58. What is the remainder when (-5*2)/(i + -7) is divided by q?
2
Let h(y) = 3*y**2 + 7*y - 20. Let j(p) = p**2 + 2*p - 7. Let i(b) = 6*h(b) - 17*j(b). What is the remainder when 125 is divided by i(-11)?
29
Let c be 83/(-6) - (-1)/(-6). Let k = 19 + c. Suppose -40 = -k*a + a. What is the remainder when a is divided by 4?
2
Let d = 732 + -647. Calculate the remainder when d is divided by 66.
19
Suppose -49 = 2*q - 1. Let p be (-2)/6 + 248/6. Let d = p + q. What is the remainder when 32 is divided by d?
15
Let m(o) be the third derivative of -1/2*o**4 + 0 + 0*o + 1/3*o**3 + 12*o**2. Calculate the remainder when m(-3) is divided by 10.
8
Suppose 5*x - 44 - 21 = 0. Suppose -5*o + p = -180, -o - 5*p + 0 = -10. Calculate the remainder when o is divided by x.
9
Let l(h) = -6*h - 34. Let i be l(-4). Suppose 12 = -4*y + 4. Let m = y - i. What is the remainder when 23 is divided by m?
7
Suppose -5*h + 3*m + 23 = 0, 2*h - 3*m = 3 - 1. What is the remainder when 41 is divided by h?
6
Let a = 100 - 134. Let m = -28 - a. Calculate the remainder when 33 is divided by m.
3
Let z(d) = -35*d - 332. Suppose -3*j = p - 44, -2*j - 3*p = -p - 32. What is the remainder when z(-11) is divided by j?
11
Suppose 7 = 4*w + 5*r, -2*w = -4*w + 4*r + 36. Calculate the remainder when 15 is divided by w.
7
Let b(w) = -w**3 - 4*w + w**3 - w**2 - 3 - w**3. Let m(r) = -r**2 - 7*r + 41. Let z be m(-11). Calculate the remainder when b(z) is divided by 10.
7
Suppose -32*h - 666 = -35*h. What is the remainder when h is divided by 14?
12
Suppose 73*f = 53*f + 26980. What is the remainder when f is divided by 18?
17
Suppose -432*n - 85 = -437*n. Suppose 2*m + 13 = 101. What is the remainder when m is divided by n?
10
Let l(a) = a**2 - 46*a - 100. Calculate the remainder when l(49) is divided by 25.
22
Suppose y = 5*y - 24. Let m(j) = -j**3 - 8*j**2 + 2*j + 8. Let v be m(-8). Calculate the remainder when y is divided by (2 - 1)*(11 + v).
0
Let u(n) = -n**2 - 2*n - 4. Let q be u(-4). Let x be ((-4)/(-3))/(8/q). What is the remainder when 12 is divided by 2*(x + 21/6)?
0
Let a be (-8)/2 + 1428/12. Let h = -87 + a. Calculate the remainder when 52 is divided by h.
24
Let w = -1 + 4. Suppose w*s + 100 = 7*s. What is the remainder when 517/7 - (-1)/7 is divided by s?
24
Suppose 4*g - 2444 = -4*o - 16, -610 = -g + 2*o. What is the remainder when g is divided by 156?
140
Let f(v) = -v**2 - 19*v - 21. Calculate the remainder when 144 is divided by f(-14).
46
Let m be (-7 + 12)*4/(-10). Let b = m + 0. Calculate the remainder when (56/2 - b) + 3 is divided by 9.
6
Let l be (-1282)/10 - 3/(-15). What is the remainder when 4*(-3)/(-4) - l is divided by 44?
43
Let x = -74 + 108. Suppose 5*f + 124 = x. Let o = 22 + f. Calculate the remainder when 13 is divided by o.
1
Let p = 1929 - 1361. What is the remainder when p is divided by 38?
36
Suppose -6*q + 0*q = 10*q - 80. Let p = -2 + 15. Calculate the remainder when p is divided by q.
3
Let d(o) = 2*o**3 - o**2 + 62. What is the remainder when 127 is divided by d(0)?
3
Suppose 4 = -2*k - 4*n, 5*k + 2*n + 36 - 42 = 0. Calculate the remainder when k is divided by (-4)/14 - 16/(-7).
0
Suppose 413*z - 380*z - 22044 = 0. Calculate the remainder when z is divided by 48.
44
Suppose -4*w + 21 - 5 = 0. Suppose -4*h + 7*h = -60. Let a = h - -32. What is the remainder when a is divided by w?
0
Suppose -2*a + 7*a - 50 = 0. Suppose 7*z = a*z - 36. Calculate the remainder when z is divided by 8.
4
Let y = -403 + 621. Calculate the remainder when y is divided by 48.
26
Suppose 48*k - 4160 = 7792. Calculate the remainder when k is divided by 6.
3
Let j(n) be the third derivative of n**5/60 - n**3/3 + 4*n**2. Let g be j(2). Let a = g + 53. What is the remainder when a is divided by 14?
13
Let u = -2 + 4. Let c be 807/(-15) + u/(-10). Let w = c + 103. What is the remainder when w is divided by 17?
15
Let y = -40 + 29. Suppose 88 = 2*a - 16. Calculate the remainder when a is divided by (y/(-1) - 2)*2.
16
Let h = -9 + 14. Calculate the remainder when h is divided by ((3/(-2))/(-3))/(196/1568).
1
Let h = 23 + -29. What is the remainder when 39 is divided by (-2 + (-1)/3)*h?
11
Let u(s) = s**2 + 8*s + 8. Let r be u(-5). Let k(b) = -7*b + 4. What is the remainder when k(r) is divided by 5?
3
Let t be (-106)/((-6)/(-3)) + 0. Let s = t - -77. Suppose 9 - s = -q. What is the remainder when q is divided by 9?
6
What is the remainder when -1 - (-58 - 273/(-21)) is divided by 2/(-3) - 62/(-3)?
4
Let a(u) = -u**3 - 5*u**2 + 3*u + 5. Let d be a(-5). Let i(z) = -z**2 - 11*z + 3. Calculate the remainder when i(d) is divided by 4.
1
Suppose 0 = -3*m + 2*o + 73, -9 + 98 = 3*m + 2*o. Let z(v) = 4*v**2 - 4*v + 5. Calculate the remainder when m is divided by z(0).
2
Let y(f) = -f**3 - 3*f**2 + f + 7. Let m be y(-3). Suppose m*b = -0*b + 72. Let d = b + 11. What is the remainder when 56 is divided by d?
27
Let o = 26 + -5. Suppose 20*u - o = 19*u. What is the remainder when u is divided by 12?
9
Suppose 0*q - u - 40 = -3*q, -5*q - 5*u = -40. Suppose 2*h - 5*w = h + q, 4*h + w - 132 = 0. What is the remainder when h is divided by 9?
5
Suppose -4*b - c = -28, 4*b - 21 = 4*c + 7. Calculate the remainder when 65 is divided by b.
2
Suppose -d - 2*d = 4*l - 130, 2*l = -10. What is the remainder when 133 is divided by d?
33
What is the remainder when 2502/(-27)*1/(4/(-6)) is divided by 48?
43
Let g = -29 + 21. Let b = g - -11. Calculate the remainder when (-4)/b*348/(-8) is divided by 20.
18
Let b = -551 + 559. Calculate the remainder when 42 is divided by b.
2
Let j = -31 - -33. Let g(k) = k + 5. What is the remainder when g(j) is divided by 3?
1
Let c = -46 + 52. Suppose c*a + 48 = 222. Calculate the remainder when a is divided by 10.
9
Suppose 124 - 29 = 5*s. Suppose z + 0 = s. What is the remainder when 74 is divided by z?
17
Suppose -2*r - 12 = -2*f, -2*f + 14 = -5*r - 1. Let k = r + 46. What is the remainder when k is divided by 16?
13
Let m = -4 + 29. Suppose -4*a - 8 = 0, 0*r = 4*r - 5*a - 10. Suppose -2*f + 2*d + 135 = 35, -f + 2*d + 52 = r. Calculate the remainder when f is divided by m.
23
Let d = -527 - -540. Calculate the remainder when 13 is divided by d.
0
Let k(l) = -l**2 - 5*l + 5. Let z be k(4). Let f = z + 57. Suppose 5*r + 3*h = r + 59, 2*h = 2. Calculate the remainder when f is divided by r.
12
Suppose -3*u = -4*u + 9. Let k = 9 + 4. Suppose -x + k = -21. What is the r